ulate the highest common factor of 60044 and 2885716.
68
What is the highest common divisor of 7264620 and 184140?
5940
Calculate the greatest common factor of 1923978 and 684.
114
Calculate the greatest common divisor of 13608 and 1201256.
56
Calculate the highest common divisor of 40930590 and 60.
30
Calculate the highest common divisor of 464065 and 3500.
35
What is the highest common divisor of 231648232 and 1916?
1916
What is the greatest common divisor of 12875 and 50950?
25
What is the highest common factor of 10978 and 40678979?
5489
Calculate the greatest common divisor of 458 and 21174943.
229
Calculate the greatest common factor of 7752 and 10981128.
24
Calculate the greatest common divisor of 61399413 and 2853.
2853
Calculate the highest common factor of 10184 and 1360904.
536
What is the highest common divisor of 287792 and 2460?
4
What is the greatest common factor of 28264 and 743?
1
Calculate the highest common factor of 1570 and 159561926.
314
What is the highest common factor of 29796854 and 2698?
142
Calculate the greatest common factor of 3694592 and 388096.
1024
Calculate the greatest common factor of 11802 and 4973766.
42
Calculate the highest common divisor of 3870 and 59155.
5
What is the highest common divisor of 4554 and 511038?
198
Calculate the highest common factor of 197883 and 606213.
3141
Calculate the greatest common divisor of 508 and 144380.
4
Calculate the greatest common factor of 5172 and 923795056.
1724
What is the highest common factor of 321 and 7803617?
107
Calculate the highest common factor of 7730 and 7430.
10
Calculate the greatest common divisor of 708 and 29730808.
236
Calculate the greatest common factor of 44 and 1509983112.
44
What is the greatest common factor of 6220429 and 59?
59
What is the highest common divisor of 7 and 56622559?
7
Calculate the highest common factor of 1317726 and 855.
171
What is the highest common divisor of 14649 and 72960?
57
Calculate the highest common divisor of 66 and 5525498.
22
What is the greatest common divisor of 235341 and 73075?
79
Calculate the greatest common factor of 601979 and 2737.
161
Calculate the greatest common factor of 777 and 12625991.
259
Calculate the greatest common divisor of 9988995 and 21417.
177
Calculate the highest common divisor of 221441 and 436117.
451
What is the greatest common factor of 61422 and 6246335?
353
Calculate the greatest common factor of 5639052 and 132968.
6044
What is the highest common divisor of 11919367 and 30217?
67
What is the greatest common factor of 77393965 and 3795?
1265
What is the highest common factor of 14694 and 2335044?
186
What is the greatest common factor of 60192 and 2283192?
1368
Calculate the highest common divisor of 261 and 348030798.
87
Calculate the highest common divisor of 42190874 and 11.
11
Calculate the greatest common divisor of 1989 and 165337614.
1989
What is the greatest common factor of 246855 and 5355?
105
What is the highest common divisor of 125 and 18182000?
125
Calculate the greatest common divisor of 8807149 and 4511.
13
Calculate the highest common divisor of 751836 and 9888.
12
What is the greatest common divisor of 39988388 and 1767?
589
Calculate the highest common factor of 88722688 and 78720.
5248
What is the greatest common factor of 148814 and 1648313?
37
Calculate the greatest common divisor of 10404780 and 5340.
60
Calculate the highest common divisor of 6322 and 15650111.
3161
What is the highest common divisor of 4 and 35958764?
4
Calculate the highest common divisor of 12 and 4729572.
12
Calculate the highest common factor of 31319199 and 36.
9
What is the greatest common divisor of 2976 and 176452?
124
What is the greatest common divisor of 85914 and 8598366?
2322
Calculate the greatest common divisor of 106666505 and 10230.
1705
Calculate the greatest common divisor of 303140921 and 82.
41
What is the highest common divisor of 57 and 7605381?
3
Calculate the greatest common factor of 15505215 and 43065.
165
What is the greatest common factor of 878 and 30689612?
878
What is the highest common factor of 16887 and 1017983?
433
Calculate the highest common factor of 2144 and 40603072.
2144
Calculate the highest common factor of 3649 and 1599419.
89
What is the highest common factor of 869 and 872399?
11
What is the greatest common factor of 390138 and 28224?
294
Calculate the highest common factor of 266 and 1162938.
14
Calculate the greatest common factor of 171 and 21847473.
171
Calculate the greatest common divisor of 6457954 and 2.
2
Calculate the greatest common factor of 1513916 and 409712.
116
What is the greatest common divisor of 13454 and 3066644?
434
What is the highest common divisor of 6096 and 20838795?
381
What is the highest common factor of 147344550 and 150?
150
Calculate the greatest common divisor of 113235514 and 1652.
826
Calculate the greatest common divisor of 8256 and 8643.
129
Calculate the greatest common divisor of 57228 and 1900.
76
What is the greatest common factor of 621 and 3120498?
27
What is the highest common factor of 981 and 30034296?
981
What is the greatest common factor of 2877 and 127349583?
411
What is the highest common divisor of 643351 and 381313?
367
What is the greatest common factor of 739188 and 4356?
36
Calculate the highest common divisor of 186750 and 42875.
125
What is the highest common divisor of 129500 and 2395?
5
Calculate the highest common factor of 150536 and 11542712.
4856
Calculate the highest common factor of 128 and 11504.
16
What is the highest common factor of 152 and 451281312?
152
Calculate the highest common divisor of 670 and 6301705.
5
Calculate the greatest common factor of 52548741 and 63.
63
Calculate the greatest common factor of 109310469 and 21238.
1517
Calculate the greatest common factor of 13 and 140635456.
13
Calculate the highest common factor of 109262940 and 3582.
1194
What is the greatest common factor of 220 and 21632105?
55
Calculate the highest common factor of 539 and 24710945.
49
Calculate the highest common divisor of 72 and 4732956.
36
What is the highest common factor of 128074534 and 2842?
98
What is the greatest common factor of 140 and 101402?
14
Calculate the highest common factor of 617 and 224623169.
617
What is the greatest common divisor of 43825 and 283025?
25
What is the highest common divisor of 52906626 and 18?
18
What is the highest common factor of 1872918 and 129042?
1206
Calculate the greatest common divisor of 1359 and 4577263.
151
What is the greatest common divisor of 133904569 and 823?
823
What is the highest common factor of 400972 and 158912?
52
Calculate the greatest common factor of 98602 and 174.
2
Calculate the greatest common divisor of 70 and 717556.
14
What is the greatest common divisor of 608787 and 518466?
1173
What is the greatest common factor of 5638869 and 28458?
837
What is the greatest common divisor of 78850 and 36518?
38
What is the greatest common divisor of 517186 and 1392?
58
What is the highest common divisor of 1146732 and 36?
12
Calculate the greatest common factor of 2265 and 1478760.
15
Calculate the greatest common divisor of 278413340 and 4060.
580
Calculate the highest common factor of 1761 and 1725193.
587
What is the highest common factor of 880 and 19853520?
80
What is the highest common factor of 4446000 and 380?
380
What is the greatest common factor of 123432 and 5477712?
3336
Calculate the greatest common divisor of 1478968 and 114624.
1592
What is the greatest common divisor of 422 and 3433603?
211
What is the greatest common factor of 9379830 and 1210?
10
Calculate the highest common divisor of 8010 and 22427822.
178
What is the greatest common divisor of 2843248 and 1992?
664
What is the greatest common divisor of 349400 and 282440?
40
What is the greatest common divisor of 16082 and 22275814?
374
What is the highest common divisor of 1927 and 24928?
41
Calculate the greatest common factor of 390 and 395670.
30
Calculate the highest common divisor of 114244 and 31252.
52
What is the highest common divisor of 16661015 and 70?
35
Calculate the greatest common divisor of 1163691 and 22227.
717
What is the greatest common divisor of 1071 and 20540583?
63
What is the greatest common divisor of 2208 and 2539282